e 2*a - 7*a + 210 = 0. Suppose 5*t = -12 + a. What is the greatest common factor of t and f?
6
Let l(y) = 3*y - 3. Let n(v) = 6*v - 6. Let i(w) = 9*l(w) - 5*n(w). Let m be (12 + -7)/(-5)*5. Let s be i(m). What is the highest common divisor of 27 and s?
9
Let n be ((-420)/49)/(4/(-14)). Let d = 20 - 14. Calculate the greatest common divisor of n and d.
6
Let l be 122 + (-6)/(24/20). Suppose l = 10*g - 7*g. What is the highest common divisor of 26 and g?
13
Let l = -20 + 26. Suppose 0 = 2*m - l*m + 72. What is the greatest common factor of 54 and m?
18
Suppose -6*w = 3*i - 3*w - 51, 0 = -3*w + 9. Let b be 797/4 - 2/8. Suppose 3*o + b = 619. What is the greatest common factor of o and i?
14
Suppose -602 = -32*h + 2086. Let p(r) = 21*r. Let a be p(1). Calculate the highest common divisor of h and a.
21
Let w be 22/10 + 2/(-10). Let m be (2/4)/(w/20). Let d(k) = k**2 - 4*k + 1. Let i be d(m). Calculate the greatest common divisor of 9 and i.
3
Suppose 0 = -0*y + 3*y - 2*c - 140, 5*y - 224 = c. What is the highest common factor of 22 and y?
22
Let u(d) = -d + 1. Let v(y) = 6*y - 8. Let m(s) = 2*u(s) - v(s). Let b be m(-7). What is the highest common divisor of b and 88?
22
Let h = -35 + 103. Calculate the greatest common divisor of h and 68.
68
Suppose 5*j - 7*j = -44. Let m = 31 - j. Let z = 18 - m. What is the highest common factor of 72 and z?
9
Let s = -8 - -11. Suppose -17*h + 66*h = 294. Calculate the greatest common divisor of s and h.
3
Suppose -4*a = -h + 458 - 49, 3*h = 3. Let z be (-3 - a/12)*(0 - -2). Calculate the highest common factor of z and 44.
11
Suppose 2*n + 24 = -j - 29, -143 = 3*j + 2*n. Let s = 50 + j. What is the highest common divisor of 45 and s?
5
Let b(x) = x**3 - 8*x**2 + 2*x + 11. Let t be b(8). Let p(o) = -o**3 - o**2 + 46*o - 15. Let a be p(6). Calculate the highest common factor of a and t.
9
Let k = 387 + -247. Calculate the greatest common divisor of 175 and k.
35
Let x(v) = -v**2 - 8*v - 3. Let n be x(-7). Suppose 0 = n*z - 16, 6*l - 2*l + 5*z - 140 = 0. Calculate the greatest common divisor of 45 and l.
15
Let v be 6*-10*1/(-2). Let j = v - 14. Let r be (-80)/(-25)*5*4. Calculate the greatest common factor of r and j.
16
Let k be 2 - (2 + -1)/(2/374). Let q = 340 + k. What is the highest common factor of q and 62?
31
Let x(f) = -13*f + 31. Let v be x(2). Calculate the greatest common factor of v and 85.
5
Suppose -4*k = -r + 6, 3*k = 3*r + 2 - 56. Suppose r*o + 140 = 26*o. Calculate the greatest common factor of 14 and o.
7
Let h(u) = 2*u - u - 3 - 3*u. Let q be h(-3). What is the greatest common divisor of 12 and q?
3
Let m = -12 - -133. Suppose 33 = -4*h + m. What is the highest common factor of h and 66?
22
Suppose -6*b = -13 - 17. Let j be (3/2 + -1)*6. Suppose h = j*h - 80. Calculate the greatest common factor of h and b.
5
Let i be 1 - 453/3*-1. Let x(k) = -k**2 - 8*k + 4. Let d be x(-3). What is the greatest common factor of d and i?
19
Suppose -105 = -10*t + 195. Suppose n + 16 = k, 0*k + 2*n - 58 = -4*k. Calculate the greatest common factor of t and k.
15
Suppose 5*v - 10*v = 0. Suppose v = -2*j + 5*s + 14, -j - s + 4 + 10 = 0. Calculate the greatest common factor of j and 96.
12
Let p(v) = -4*v - 58. Let k be p(-11). Let b(w) = 3*w**2 + 25*w - 22. Let y be b(k). Calculate the highest common factor of 27 and y.
27
Let z = -2 - 0. Let v be 146 + z*(-1)/2. Suppose -88 + 25 = -3*w. What is the greatest common divisor of w and v?
21
Suppose 4*c - 204 = -3*v, -5*v - 5*c = -2*c - 329. Calculate the highest common divisor of 32 and v.
32
Let d(o) = -o**3 + 8*o**2 + 3. Let v be d(8). Let z be ((-9)/6)/(39/(-312)). Calculate the greatest common divisor of v and z.
3
Let d(q) = -418*q - 710. Let w be d(-5). Calculate the highest common factor of 24 and w.
12
Let o(i) = -32*i - 3 - 10 + 17 - 6. Let g be o(-4). What is the highest common divisor of 14 and g?
14
Let o = 15 - -1. Suppose 2*l + 3*l - o = -d, 24 = 2*l - 4*d. What is the greatest common factor of 44 and l?
4
Let d = -78 + 102. What is the greatest common factor of 32 and d?
8
Let s(t) = 6*t + 1. Let d be s(-1). Let o(a) = -2*a**3 - 8*a**2 - 14*a + 5. Let m be o(d). What is the highest common factor of m and 25?
25
Let i = 122 - 122. Suppose i = -0*d - d + 1, -92 = -4*c + 4*d. Let p(s) = s**3 - 3*s**2 - 4*s + 3. Let k be p(4). What is the highest common divisor of k and c?
3
Let g be 17 + 3 + (-6)/2. Let i = g - 4. Let f(u) = 7*u**3 - 2*u**2 + 2*u. Let n be f(2). What is the highest common factor of i and n?
13
Let z be (72/15)/((-1)/10)*-2. Suppose -2*n = n - 36. Calculate the highest common divisor of z and n.
12
Suppose 5*a + 6 = 8*a. Suppose 3*i - 7*t = -a*t + 205, 175 = 3*i + t. What is the greatest common factor of 150 and i?
30
Suppose o - 127 - 13 = 0. Suppose 5*w = -c - 0*c + 55, 4*c = 4*w + 124. What is the highest common factor of o and c?
35
Suppose -u - u + 8 = 0. Suppose 0 = -4*h + 3*l + 257, 2*h + 134 = u*h + 4*l. Calculate the highest common factor of h and 13.
13
Let y = -1029 - -2302. What is the greatest common divisor of y and 19?
19
Let f = -3 + 9. Suppose -5*i + 54 = s, 0 = 3*i - f*i + s + 34. Let n = 299 + -222. What is the highest common divisor of n and i?
11
Let o = 26 + 6. Suppose -8 = 2*z - o. Calculate the highest common divisor of z and 36.
12
Let y = 9 + -14. Let b be -2 + y/(-5)*177. What is the highest common factor of 25 and b?
25
Let k = -35 - -33. Let t be ((-3)/(-4))/(k/(-64)). Suppose 13*o - 14*o = -t. Calculate the greatest common divisor of 16 and o.
8
Let p = -4 - -2. Let a be ((-56)/16)/(p/4). Suppose -515 - 115 = -10*o. Calculate the greatest common divisor of a and o.
7
Let l(n) be the second derivative of 1/20*n**5 + 3/2*n**2 - 2*n**3 - 1/6*n**4 + 0 + 8*n. Let c be l(5). What is the greatest common divisor of 162 and c?
18
Suppose -2*p + 3669 = -0*p - 3*j, -4*p + 7329 = -3*j. What is the greatest common factor of p and 30?
30
Suppose -w + 614 = 2*i - 361, 5*w + 1929 = 4*i. Calculate the highest common divisor of i and 12.
6
Suppose 0 = 3*v + 15, -v - 2*v - 115 = -4*i. Let c = i + -11. Let r be ((-798)/(-152))/((-6)/(-176)). Calculate the greatest common factor of c and r.
14
Suppose 4*p = 4*h + 588, -3*p - 5*h - 591 = -7*p. What is the highest common divisor of 72 and p?
72
Let o = -236 - -50. Let d be -2 - o/(5 - 3). Calculate the greatest common divisor of d and 13.
13
Let r(h) = 55 - 57 + h**3 - 8*h**2 + 25*h**2 + 15*h. Let s be r(-16). What is the greatest common factor of s and 140?
14
Let i(q) = -q + 15. Let r be i(9). Let v be 1340/60 - 2/r. Let b be 198/(-4)*(0 + -4). Calculate the greatest common divisor of b and v.
22
Let p = -156 - -233. Let z = -61 + 71. Suppose z - 15 = -3*b - 4*u, 0 = 4*b + 4*u - 12. What is the greatest common divisor of p and b?
7
Let d be ((-3)/(-3))/((-2)/(-4))*32. What is the greatest common divisor of d and 320?
64
Let j(c) = -c**3 + 5*c**2 - 6*c + 6. Let m(o) = o**3 + 4*o**2 - 6*o - 2. Let k be m(-5). Let z be j(k). What is the highest common factor of z and 6?
6
Let f = 156 - 98. Let u = -667 + 812. Calculate the greatest common factor of f and u.
29
Let s = 110 - 105. Let m = -4 + 0. Let p be 29/6 - m/24. What is the highest common divisor of s and p?
5
Suppose -45*b - 10 = -50*b. Suppose -5*q - b*h + 97 = -h, -4*q + 95 = -5*h. What is the highest common divisor of q and 220?
20
Suppose -5*f - 7 = 2*a, -2 = a + 3*f + 3. Let j = 58 - 30. Suppose j = -92*n + 93*n. Calculate the highest common divisor of a and n.
4
Suppose -2*n = -5*d - 220, 0*n + 4*d + 567 = 5*n. Let j = n + -63. Calculate the greatest common divisor of 13 and j.
13
Let p = 273 - 181. Let v = 107 - p. What is the greatest common factor of 3 and v?
3
Let o(d) be the second derivative of d**5/20 + 13*d**4/12 + 2*d**3 + d**2/2 - 2*d. Let c be o(-12). Calculate the highest common factor of c and 2.
1
Suppose 2*v + 3*o = 675, 0 = v + 3*o + 71 - 410. What is the greatest common factor of 896 and v?
112
Let t(y) = 8*y**2 + 48*y. Let l be t(-7). Calculate the highest common factor of 280 and l.
56
Suppose -145*b + 3*z = -141*b - 114, 2*b - 78 = 5*z. Let q be ((-1)/(-2))/((-1)/(-4)). Let c be 32*(q - -1*1). Calculate the greatest common factor of c and b.
24
Suppose 23 = 8*u - 33. Suppose 0 = -y + 3*y - 182. Ca